 number?
True
Is (3 + -4 + 0)*-1069 composite?
False
Suppose -5*n - 6 + 21 = 0. Let w = -1 + n. Suppose -4*c + 5*h + 80 = c, 0 = -w*c - 3*h + 22. Is c a prime number?
False
Let v(p) = -104*p**3 - p**2. Let c(n) = -2*n + 7. Let a be c(5). Let q(s) = -s**2 - 3*s - 1. Let i be q(a). Is v(i) prime?
True
Is 91 + (-3 - -3) + -2 composite?
False
Let h(v) = -371*v + 15. Is h(-2) composite?
False
Let h be ((-24)/28)/(1/7). Let v(i) = -2*i + 2*i + 8 + i + 5. Is v(h) a composite number?
False
Let t(x) = -x - 85. Let z be t(0). Let q = z + 30. Let i = 92 + q. Is i a prime number?
True
Is (-2)/8 - 221/(-4) a composite number?
True
Let u be 9 - (-1 - (-1 + -1)). Suppose 1675 = -3*t + u*t. Is t a prime number?
False
Let j = 7 - 3. Let s(t) = -t**2 - 6*t - 4. Let p be s(-6). Is j + (p - -2)/2 a prime number?
True
Let i = 109 + 640. Is i composite?
True
Is (-4 + 4 - -127)/1 a composite number?
False
Is -3*(-3 - -2) + (249 - -1) a composite number?
True
Suppose -6595 = 3*k - 8*k. Is k a prime number?
True
Is (2020/(-40))/((-1)/86) a prime number?
False
Let k(s) = 84*s - 5. Is k(13) composite?
False
Let i = -1246 + 2115. Is i composite?
True
Let a(z) = z**3 - 4*z**2 - z - 25. Is a(11) composite?
False
Suppose 0 = -4*j + 4*w + 1616, 2*j + 3*j + 3*w - 2044 = 0. Is j a prime number?
False
Suppose 0 = -b - 2*m, 2*b - 39 = 6*b - 5*m. Let f = 5 - b. Is f composite?
False
Suppose -2*a - 2*a + 5*p + 101 = 0, 5*p = -2*a + 13. Suppose -a = q - 71. Let o = q + -15. Is o a prime number?
True
Let z(b) = -b**2 + 11*b - 9. Let m be z(6). Let h be (3 + m)/3 + 3. Suppose 2*y - y = 3*p - h, -5*y = -4*p + 22. Is p a composite number?
False
Let m be (-501)/(-5) + 1/(-5). Suppose -s + 2 = 4*w - 19, 16 = 4*w - 4*s. Suppose -f - m = -w*f. Is f composite?
True
Suppose -5*y + 3*t = -5444, y = 2*y + t - 1084. Is y a prime number?
True
Let k = 16 + -12. Is (36/8 - k)*118 a prime number?
True
Let y be (-22)/5 + (-28)/(-70). Is 3039/21 + y/(-14) a prime number?
False
Suppose -4*q + 2529 = -5*p, 2*q = -q - 5*p + 1888. Is q a prime number?
True
Let s = 568 + -257. Is s prime?
True
Let i(f) = 561*f - 33. Let p(n) = 35*n - 2. Let v(d) = -2*i(d) + 33*p(d). Is v(1) a prime number?
False
Let y = -5 + -11. Is (-24)/y - (-278)/4 composite?
False
Let j = -9 - -11. Suppose -517 = -4*q + 3*w, -296 = -2*q - j*w - 48. Is q prime?
True
Let z(j) = j**3 - 4*j**2 + 2*j - 1. Let m = -6 + 12. Is z(m) a composite number?
False
Let h(b) = -b - 3. Let x be 0/(-3) + -1*2. Let q be h(x). Is q/((-3)/141 + 0) a composite number?
False
Suppose -5*x + 0*f + 5*f = -320, -80 = -x + 5*f. Suppose -2*v = s + 3*s - 30, -3*v + 35 = 4*s. Suppose -s*g = -5 - x. Is g a prime number?
True
Suppose -9*l + 284 = -5*l. Let y = 12 + l. Is y a composite number?
False
Let u(z) = z**3 + 5*z**2 - 5*z - 1. Is u(4) a composite number?
True
Suppose 2*j - j = 539. Let n = j + -382. Is n a composite number?
False
Let k(q) = 3*q + 1 - 3*q - 2*q - 3*q + q**2. Let p be k(2). Let b(u) = u**3 + 6*u**2 + 2*u + 4. Is b(p) prime?
True
Let a be 4*(-3)/48 + 13/4. Let v be (-1)/(-1*(-1)/(-5)). Suppose v*g + a*f = 358, -g + f = g - 141. Is g composite?
False
Let y be 40/18 - 2/9. Let h be (2 - -8) + y/(-1). Let q = h + 27. Is q a prime number?
False
Suppose 4*b - 1498 + 66 = 0. Is b/6 - 4/6 a prime number?
True
Suppose -2*y - 3*k + 0*k = -8, -4*y + 2*k - 16 = 0. Let h = -5 - y. Is 2*((-222)/4)/h prime?
True
Suppose 2*j + 2 = 8. Suppose -4*t - v + 264 = -68, j*t - v = 249. Is t prime?
True
Let z = 0 + 0. Suppose -4*c + 252 = c + 3*g, z = -c - 4*g + 47. Is c a prime number?
False
Suppose 5*g = -4185 + 190. Let z = g - -1484. Is z composite?
True
Let y = 20 - 1. Let p(o) = y*o + 1 - 116*o - 1. Is p(-1) prime?
True
Let w = 66 + -46. Suppose w = -b + 8. Let l = b + 26. Is l composite?
True
Let j(k) = 2*k + 1. Let h be j(-1). Is (h - -17)/4 + 411 composite?
True
Let y(c) = -c**3 - 22*c**2 - 29*c - 10. Is y(-21) a composite number?
True
Let m be 270 - 2/(-2)*-1. Let j = m - 136. Is j composite?
True
Suppose -2*r + 4*s - 22 = -3*r, 0 = -3*s + 15. Suppose 8*p - 4*p + 871 = 3*o, -r*o + 594 = 4*p. Is o a composite number?
False
Let y be ((-5)/20)/((-2)/8). Suppose d - y = 2. Suppose -4*m = 5*f - 245, -m + 4*f + 50 = d*f. Is m a prime number?
False
Is (2/(-6))/(5/(-2685)) composite?
False
Is 230*((-1)/(-6))/((-10)/(-30)) a prime number?
False
Let f be (0 - (-26)/3)*3. Let n = -8 + 55. Let h = n - f. Is h prime?
False
Suppose -2174 = -13*y + 11*y. Is y composite?
False
Suppose -6*k = h - 2*k + 2, 2*h - k - 32 = 0. Is (174/4 - -1)*h a prime number?
False
Suppose -6*j + 184 = -122. Let h = -27 - -111. Let l = h - j. Is l composite?
True
Let y = 20 - -15. Suppose 5*k = -4*n + 23, 0 = -n + 2 - 0. Is (-4)/6 + y/k composite?
False
Let v(f) be the first derivative of 12*f**3 + f + 9. Is v(2) a composite number?
True
Suppose 0 = -3*a + 5*r + 18, -7 = 2*a + 4*r + 3. Suppose 15 = 4*m - 7*m. Is a/m + 558/15 composite?
False
Is (-2 + 4 + -1)*9 prime?
False
Suppose 4*f - 934 = 5*p + 361, -3*f - 2*p + 977 = 0. Let a = f + -124. Is a composite?
True
Suppose 2*z - 332 = -6*u + 4*u, 3*u - 3*z - 468 = 0. Is u a prime number?
False
Let z(w) = 43*w**2 - 8. Suppose 0 = 7*g - 9*g - 10. Is z(g) composite?
True
Let u = 17 + 19. Let v be (0 - 2)*(-3)/2. Suppose -u + 241 = v*r + b, 0 = 5*r - 4*b - 319. Is r a prime number?
True
Suppose -4*z + 7 = -3*z. Let f = z + -33. Is 16/(-104) - 1200/f a prime number?
False
Suppose 3*s + 4*q = s + 978, -4*s - 4*q + 1936 = 0. Is s prime?
True
Suppose 5*y - 1311 = 694. Is y prime?
True
Suppose 2*t + 2*k - 2121 = -3*t, 5*t + 5*k - 2130 = 0. Suppose -t = -c + 2*b - 140, -4*c + 1152 = -4*b. Is c prime?
True
Let t = -13 - -9. Let k be t/(-2)*63/(-6). Let l = -2 - k. Is l a composite number?
False
Let c(o) = 5*o + 219. Is c(0) composite?
True
Let x = -2 + 42. Suppose -4*m + 24 = 3*i, x = 6*m - 2*m - i. Is m a prime number?
False
Let q be (9/(-1))/(3/(-2)). Suppose -q*b + 3*b + 63 = 0. Is 6/b - (-1326)/14 composite?
True
Let p = 0 + 3. Suppose -p*s + 0*c = 4*c + 11, s + 2*c = -7. Is s + -1 + 0 + 12 a composite number?
True
Let w(o) = -o**3 - 3*o**2 - 4*o - 1. Let i be w(-2). Suppose 9 = 3*a, -i*a = 3*g + 2*g - 3154. Is g composite?
True
Let a(z) = -6*z - 6 - 3*z**2 + 0*z**3 + 3*z**3 - 2*z**3. Let n be 4*1 + (-7)/(-7). Is a(n) a prime number?
False
Let y be 0/2 - (-1 - 1). Suppose y*f = 4*n - 338, -135 = -3*n + 3*f + 117. Is n a prime number?
False
Suppose 2*b = -0*b + 958. Suppose -4*g = 67 - b. Is g a prime number?
True
Suppose 4*p = 3*p - 237. Let i = -67 - p. Suppose -o + i = o. Is o a composite number?
True
Is -9 + 109 + 6/2 prime?
True
Is 5/(10/708) + 5 a composite number?
False
Let b(i) = -i**3 - i**2 + 2*i + 58. Is b(0) composite?
True
Let l(a) = a**3 - 8*a**2 + 2*a - 10. Let p be l(8). Is 12/18 + 3050/p prime?
True
Let r(k) = -56*k. Let o be r(2). Suppose -2*v - 165 = -v. Let d = o - v. Is d prime?
True
Let k = 7 - 4. Let p(s) = s**2 - s - 1. Let t be p(k). Suppose -185 = -t*u - 4*i, 0*u - i - 74 = -2*u. Is u prime?
True
Suppose -5*n - 95 = -4*y, -2*y - 80 = -4*y - 4*n. Suppose t - 5*q = 8, -2*t + y = q + 3. Suppose t = -i + 2*i. Is i composite?
False
Suppose 4*n = -y + 4, 2*y + 5 = 3*n + 13. Suppose -h - 242 - 764 = -4*b, y*h - 745 = -3*b. Is b composite?
False
Let g(z) = -8*z**3 + 2*z**2 + 4*z + 3. Suppose 3*l = -2*q + 2*l, q = -4*l + 14. Is g(q) composite?
False
Let r be (-7 + 1)*4/6. Let a be (1 + -5)*(-2)/r. Is ((-1)/a)/((-4)/(-1048)) prime?
True
Suppose -z - 8 = z. Let w be z/14 + 208/(-7). Is w/(-9)*(-21)/(-2) a composite number?
True
Suppose 4*k + k = 330. Suppose -3*n - 1 = -f + 4, -4*f = -3*n - 20. Suppose n = -u + 4*u - k. Is u prime?
False
Let u(q) = 30*q**3 + q**2 - 5*q - 2. Is u(3) a composite number?
True
Suppose 4*s = 3*d, 2*d - 3*s - 5 = -2*s. Suppose 2*n + 44 = d*n. Is 0/(-2) - n/(-1) composite?
True
Let b(d) = 11*d + 7. Is b(9) a composite number?
True
Let u = 3301 - 2048. Is u prime?
False
Suppose 2163 = 3*i - 0*i. Let v = 1044 - i. Is v composite?
True
Let y = -16 - -8. Let p = -14 - y. Let r = p - -103. Is r prime?
True
Is (-290025)/(-55) + 2/(-11) composite?
False
Is 24/16*178/3 a prime number?
True
Suppose 3*b - 119 = -14. Is b a composite number?
True
Let d be 67 - (-3 + 3 - -2). Suppose z - 2*z = -d. Is z composite?
True
Let